-15653
Convert 12223 (base 5) to base 9.
1252
-ac3 (base 14) to base 5
-32011
What is -27717 (base 9) in base 16?
-4978
-572 (base 15) to base 11
-a20
Convert -17770 (base 9) to base 13.
-5799
What is 1000010100 (base 2) in base 16?
214
What is -30802 (base 10) in base 16?
-7852
Convert -10001110010 (base 2) to base 7.
-3214
Convert 11430 (base 6) to base 4.
122022
Convert -4451 (base 6) to base 2.
-10000001111
What is 71e (base 15) in base 5?
22404
1cc (base 16) to base 8
714
-100111011 (base 2) to base 4
-10323
What is -4916 (base 14) in base 2?
-11000111011000
What is -17647 (base 8) in base 2?
-1111110100111
Convert -11323 (base 5) to base 15.
-3ad
Convert -422212 (base 5) to base 9.
-21248
4500 (base 13) to base 5
302013
-3222 (base 5) to base 3
-121012
Convert 1125 (base 16) to base 10.
4389
What is 22a (base 11) in base 8?
422
-214644 (base 7) to base 6
-450333
Convert 3432 (base 7) to base 5.
14443
-4304 (base 5) to base 14
-2d5
Convert -10111010111011 (base 2) to base 5.
-340323
-22a3 (base 13) to base 5
-123430
124122 (base 5) to base 10
4912
ab9 (base 12) to base 15
706
Convert 11111001 (base 2) to base 4.
3321
Convert 637 (base 11) to base 3.
1001101
Convert 3f91 (base 16) to base 12.
9501
17331 (base 8) to base 3
101211111
-1096 (base 11) to base 8
-2634
Convert -136 (base 13) to base 3.
-21221
1011000011 (base 2) to base 7
2030
What is -34445 (base 9) in base 5?
-1213324
224434 (base 6) to base 4
10223212
What is 2332 (base 10) in base 12?
1424
Convert 54615 (base 8) to base 5.
1213200
What is 22103203 (base 4) in base 15?
c791
461 (base 14) to base 8
1545
-492a (base 16) to base 2
-100100100101010
Convert -1222 (base 3) to base 8.
-65
What is -426 (base 14) in base 3?
-1010022
What is -a35 (base 11) in base 14?
-652
What is -26251 (base 8) in base 12?
-6749
Convert 1b1b (base 13) to base 9.
5533
Convert 516 (base 7) to base 10.
258
Convert -22226 (base 9) to base 7.
-61023
What is -220011101 (base 3) in base 4?
-10103032
-13a9 (base 15) to base 10
-4209
Convert -120221 (base 3) to base 5.
-3210
100025 (base 9) to base 3
10000000212
What is -346 (base 12) in base 4?
-13212
What is 431031 (base 6) in base 10?
35227
What is 22246 (base 11) in base 8?
76754
What is 1220112 (base 3) in base 5?
21031
Convert -103224 (base 5) to base 10.
-3564
Convert 4 (base 9) to base 5.
4
-5675 (base 10) to base 5
-140200
Convert 42482 (base 10) to base 2.
1010010111110010
-2e9a (base 16) to base 11
-8a66
What is -111111010100 (base 2) in base 10?
-4052
-94a (base 13) to base 7
-4421
334 (base 8) to base 5
1340
647 (base 12) to base 2
1110010111
Convert -8178 (base 9) to base 13.
-2954
What is -2556 (base 14) in base 16?
-1990
Convert -20532 (base 8) to base 6.
-103310
69b (base 15) to base 4
113120
-7a7 (base 16) to base 13
-b79
What is -166 (base 7) in base 6?
-241
-2650 (base 7) to base 14
-527
-23013311 (base 4) to base 2
-1011000111110101
Convert -201110 (base 3) to base 8.
-1015
3203 (base 4) to base 16
e3
Convert -2502 (base 10) to base 3.
-10102200
What is -13626 (base 9) in base 3?
-110200220
-2322 (base 11) to base 3
-11011221
15484 (base 13) to base 16
9d8a
340 (base 16) to base 15
3a7
What is 44054 (base 8) in base 2?
100100000101100
Convert -1100101111 (base 2) to base 12.
-57b
6eb7 (base 16) to base 2
110111010110111
Convert 102330 (base 4) to base 6.
5340
-10523 (base 6) to base 15
-696
Convert 4040 (base 15) to base 7.
54351
-11200121000 (base 3) to base 4
-112201332
33 (base 13) to base 15
2c
What is -5164 (base 10) in base 3?
-21002021
-202210120 (base 3) to base 12
-8936
Convert 11110110101001 (base 2) to base 16.
3da9
Convert -151ca (base 14) to base 10.
-52510
What is -2d9 (base 14) in base 12?
-407
What is -11505 (base 6) in base 7?
-4643
-1c6 (base 15) to base 3
-120020
What is -14041 (base 5) in base 16?
-47a
6a1 (base 11) to base 15
3ac
What is -17630 (base 9) in base 15?
-391c
What is -2137 (base 15) in base 9?
-10567
Convert 4683 (base 9) to base 10.
3477
Convert 3383 (base 9) to base 15.
b20
5132 (base 7) to base 9
2405
50452 (base 7) to base 11
9216
-421 (base 9) to base 13
-205
Convert -1222202 (base 3) to base 9.
-1882
Convert 11521 (base 6) to base 14.
89b
Convert 15381 (base 9) to base 3.
112102201
What is 10630 (base 8) in base 9?
6154
Convert -532e (base 15) to base 6.
-213242
Convert -24561 (base 8) to base 2.
-10100101110001
Convert 1030322 (base 4) to base 8.
11472
101212221 (base 3) to base 16
1f00
What is -871 (base 11) in base 16?
-416
Convert -1303431 (base 5) to base 8.
-61623
What is -3415 (base 7) in base 5?
-14422
What is 3db5 (base 14) in base 15?
3394
What is 14064 (base 8) in base 5?
144241
What is 874 (base 13) in base 6?
10411
What is -57a (base 14) in base 13?
-659
Convert 621 (base 12) to base 6.
4041
665 (base 10) to base 5
10130
What is -7578 (base 12) in base 15?
-3c58
Convert 1458 (base 12) to base 15.
a82
What is -4b7 (base 14) in base 7?
-2520
-1292 (base 13) to base 7
-10511
-153a (base 15) to base 11
-3471
Convert -1000010101111 (base 2) to base 4.
-1002233
4443 (base 9) to base 10
3279
-1886 (base 9) to base 4
-112233
What is -2143 (base 13) in base 11?
-3519
4bdc (base 15) to base 4
3330312
57721 (base 9) to base 11
26a15
-10c (base 15) to base 12
-179
What is 1387 (base 10) in base 11?
1051
What is 3205 (base 6) in base 8?
1325
Convert -3662 (base 8) to base 9.
-2628
What is 64f (base 16) in base 5?
22430
What is 543 (base 6) in base 4?
3033
574c (base 15) to base 16
485a
Convert 11221 (base 4) to base 2.
101101001
Convert -2163 (base 10) to base 13.
-ca5
2248 (base 13) to base 6
34104
-43305 (base 7) to base 15
-32e0
d20 (base 16) to base 13
16b6
What is -7586 (base 14) in base 7?
-113126
-c1 (base 14) to base 10
-169
What is -102221100 (base 3) in base 15?
-28a3
231102 (base 4) to base 3
10222100
What is -fd6 (base 16) in base 7?
-14551
-537 (base 9) to base 4
-12313
-3c6a (base 15) to base 11
-9790
1d5 (base 15) to base 12
2b5
Convert -1e9 (base 15) to base 11.
-374
3aa3 (base 13) to base 6
102542
Convert 3dc7 (base 16) to base 5.
1001230
What is -2112022 (base 3) in base 7?
-5243
-424102 (base 5) to base 7
-56424
Convert 3262 (base 11) to base 10.
4303
-749 (base 10) to base 15
-34e
-35e (base 15) to base 4
-23330
Convert -1101001011100 (base 2) to base 4.
-1221130
Convert 1764 (base 14) to base 11.
3182
What is -110011100010010 (base 2) in base 9?
-40167
What is -1221121 (base 3) in base 5?
-21140
What is 68c (base 14) in base 7?
3535
Convert 211112 (base 3) to base 9.
745
What is 2213210 (base 4) in base 7?
43160
What is 542 (base 9) in base 6?
2015
What is 86c0 (base 13) in base 15?
584b
What is 38a (base 12) in base 4?
20122
Convert 2010011 (base 3) to base 15.
6cd
What is -20 (base 5) in base 3?
-101
-29a (base 14) to base 11
-440
Convert 11523 (base 8) to base 10.
4947
Convert 1465 (base 7) to base 16.
24a
Convert -10211300 (base 4) to base 5.
-1100200
6123 (base 9) to base 2
1000101111100
-111001000010 (base 2) to base 10
-3650
-1603 (base 12) to base 16
-a23
Convert fc38 (base 16) to base 6.
1214532
Convert -489 (base 12) to base 3.
-221020
1400 (base 15) to base 14
17b5
2012220002 (base 3) to base 12
21325
Convert -2023 (base 5) to base 11.
-21a
-392 (base 13) to base 6
-2522
Convert 80a (base 11) to base 13.
5a3
-3101 (base 5) to base 8
-621
What is -4476 (base 13) in base 11?
-7202
Convert 1540 (base 12) to base 4.
213000
What is 66165 (base 7) in base 6?
204400
-402 (base 5) to base 11
-93
Convert -20431 (base 6) to base 5.
-42010
-32124 (base 6) to base 2
-1000100010100
82 (base 12) to base 10
98
What is -25024 (base 6) in base 4?
-321220
What is -838 (base 9) in base 2?
-1010101011
Convert de9 (base 16) to base 5.
103221
4aa (base 12) to base 14
386
51525 (base 6) to base 12
3ba5
Convert -a363 (base 15) to base 8.
-103326
2a5 (base 14) to base 11
449
Convert -58b (base 12) to base 15.
-3a2
15d (base 14) to base 9
340
Convert 1288 (base 12) to base 8.
4110
Convert -211020 (base 3) to base 6.
-2440
Convert 2136 (base 7) to base 13.
468
Convert 2a7 (base 14) to base 8.
1033
Convert 498 (base 10) to base 16.
1f2
-764 (base 12) to base 11
-8a6
Convert 101112033 (base 4) to base 6.
1304543
-1430 (base 6) to base 11
-314
Convert -130131 (base 5) to base 14.
-1ba1
-255354